delete from pupils;
delete from classroom;
delete from department;
delete from courses;
delete from teachers;
delete from marks;

insert into pupils values ('БОНДАРЕНКО','ВАСИЛЬ','10А','101');
insert into pupils values ('ТКАЧЕНКО','СЕРГІЙ','10А','102');
insert into pupils values ('КОВАЛЬЧУК','ВІКТОР','10А','103');
insert into pupils values ('КРАВЧЕНКО','АНАТОЛІЙ','10А','104');
insert into pupils values ('ОЛІЙНИК','МИХАЙЛО','10Б','105');
insert into pupils values ('ШЕВЧУК','ПЕТРО','10Б','106');
insert into pupils values ('КОВАЛЬ','ЮРІЙ','10Б','107');
insert into pupils values ('ПОЛІЩУК','АНДРІЙ','10Б','108');
insert into pupils values ('БОНДАР','ОЛЕКСІЙ','11А','109');
insert into pupils values ('ТКАЧУК','ГРИГОРІЙ','11А','110');
insert into pupils values ('МОРОЗ','ВІТАЛІЙ','11А','111');
insert into pupils values ('МАРЧЕНКО','ІГОР','11А','112');
insert into pupils values ('ЛИСЕНКО','ДМИТРО','11Б','113');
insert into pupils values ('РУДЕНКО','ОЛЕГ','11Б','114');
insert into pupils values ('САВЧЕНКО','ВАЛЕРІЙ','11Б','115');
insert into pupils values ('ПЕТРЕНКО','ЛЕОНІД','11Б','116');
insert into pupils values ('ШУЛЬГА','ГАЛИНА','11Б','117');
insert into pupils values ('РАДЧЕНКО','ТЕТЯНА','11Б','118');
insert into pupils values ('КОРОЛЬ','НАДІЯ','11Б','119');
insert into pupils values ('ОСТАПЕНКО','ЛЮДМИЛА','11Б','120');
insert into pupils values ('СТЕПАНЕНКО','ОЛЕНА','11А','121');
insert into pupils values ('ВОЛОШИНА','НАТАЛІЯ','11А','122');
insert into pupils values ('ГОЛУБ','НІНА','11А','123');
insert into pupils values ('НАУМЕНКО','ЛЮБОВ','11А','124');
insert into pupils values ('БІЛИК','КАТЕРИНА','10А','125');
insert into pupils values ('ТАРАН','СВІТЛАНА','10А','126');
insert into pupils values ('ДМИТРЕНКО','ЛІДІЯ','10А','127');
insert into pupils values ('БАБИЧ','ВІРА','10А','128');
insert into pupils values ('БАБІЙ','ІРИНА','10Б','129');
insert into pupils values ('МАКСИМЕНКО','ОКСАНА','10Б','130');
insert into pupils values ('ПАНАСЮК','ОЛЕКСАНДРА','10Б','131');
insert into pupils values ('ВЕЛИЧКО','РАЇСА','10Б','132');

insert into classroom values ('A', '1', 21);
insert into classroom values ('A', '2', 19);
insert into classroom values ('A', '3', 15);
insert into classroom values ('A', '4', 17);
insert into classroom values ('A', '5', 25);
insert into classroom values ('B', '1', 30);
insert into classroom values ('B', '2', 30);
insert into classroom values ('B', '3', 30);
insert into classroom values ('B', '4', 30);

insert into department(dept_name) values ('математики');
insert into department(dept_name) values ('фізики');
insert into department(dept_name) values ('інформатики');
insert into department(dept_name) values ('хіміки');

insert into courses (title, form, hours, dept_name) values ('алгебра',  '10A', 5, 'математики');
insert into courses (title, form, hours, dept_name) values ('алгебра',  '10Б', 5, 'математики');
insert into courses (title, form, hours, dept_name) values ('алгебра',  '11A', 5, 'математики');
insert into courses (title, form, hours, dept_name) values ('алгебра',  '11Б', 5, 'математики');
insert into courses (title, form, hours, dept_name) values ('геометрія','10A', 3, 'математики');
insert into courses (title, form, hours, dept_name) values ('геометрія','10Б', 3, 'математики');
insert into courses (title, form, hours, dept_name) values ('геометрія','11A', 3, 'математики');
insert into courses (title, form, hours, dept_name) values ('геометрія','11Б', 3, 'математики');
insert into courses (title, form, hours, dept_name) values ('біологія' ,'11А', 2, 'природничі');

insert into teachers (sename, name, quality, no) values ('ВОЛОШИНА', 'ЄЛИЗАВЕТА',   'спеціаліст','1');
insert into teachers (sename, name, quality, no) values ('ФЕСЕНКО',	 'НІЛА',      'II категорія','2');
insert into teachers (sename, name, quality, no) values ('ІВАНЕНКО', 'МАР’ЯНА',    'I категорія','3');
insert into teachers (sename, name, quality, no) values ('ЩЕРБАК',   'РАЇСА',   'вища категорія','4');
insert into teachers (sename, name, quality, no) values ('МЕЛЬНИК',  'МИКОЛА','вчитель-методист','5');
insert into teachers (sename, name, quality, no) values ('ШЕВЧЕНКО', 'ВОЛОДИМИР',  'I категорія','6');
insert into teachers (sename, name, quality, no) values ('БОЙКО',    'ОЛЕКСАНДР', 'II категорія','7');
insert into teachers (sename, name, quality, no) values ('КОВАЛЕНКО','ІВАН',    'вища категорія','8');

insert into marks values ('алгебра','10А','БОНДАРЕНКО','ВАСИЛЬ','2020-09-24',8,'контрольна');
insert into marks values ('алгебра','10А','ТКАЧЕНКО','СЕРГІЙ','2020-09-24',9,'контрольна');
insert into marks values ('алгебра','10А','КОВАЛЬЧУК','ВІКТОР','2020-09-24',12,'контрольна');
insert into marks values ('алгебра','10А','КРАВЧЕНКО','АНАТОЛІЙ','2020-09-24',11,'контрольна');
insert into marks values ('алгебра','10А','ОЛІЙНИК','МИХАЙЛО','2020-09-24',10,'контрольна');
insert into marks values ('алгебра','10А','ШЕВЧУК','ПЕТРО','2020-09-24',6,'контрольна');
insert into marks values ('алгебра','10А','КОВАЛЬ','ЮРІЙ','2020-09-24',7,'контрольна');
insert into marks values ('алгебра','10А','ПОЛІЩУК','АНДРІЙ','2020-09-24',8,'контрольна');
insert into marks values ('алгебра','10А','БОНДАРЕНКО','ВАСИЛЬ','2020-09-21',6,'самостійна');
insert into marks values ('алгебра','10А','ТКАЧЕНКО','СЕРГІЙ','2020-09-21',7,'самостійна');
insert into marks values ('алгебра','10А','КОВАЛЬЧУК','ВІКТОР','2020-09-21',9,'самостійна');
insert into marks values ('алгебра','10А','КРАВЧЕНКО','АНАТОЛІЙ','2020-09-21',10,'самостійна');
insert into marks values ('алгебра','10А','ОЛІЙНИК','МИХАЙЛО','2020-09-21',11,'самостійна');
insert into marks values ('алгебра','10А','ШЕВЧУК','ПЕТРО','2020-09-21',3,'самостійна');
insert into marks values ('алгебра','10А','КОВАЛЬ','ЮРІЙ','2020-09-21',9,'самостійна');
insert into marks values ('алгебра','10А','ПОЛІЩУК','АНДРІЙ','2020-09-21',9,'самостійна');
insert into marks values ('алгебра','10А','БОНДАРЕНКО','ВАСИЛЬ','2020-09-22',7,'домашня');
insert into marks values ('алгебра','10А','ТКАЧЕНКО','СЕРГІЙ','2020-09-22',7,'усна');
insert into marks values ('алгебра','10А','КОВАЛЬЧУК','ВІКТОР','2020-09-22',9,'домашня');
insert into marks values ('алгебра','10А','КРАВЧЕНКО','АНАТОЛІЙ','2020-09-22',11,'усна');
insert into marks values ('алгебра','10А','ОЛІЙНИК','МИХАЙЛО','2020-09-22',7,'домашня');
insert into marks values ('алгебра','10А','ШЕВЧУК','ПЕТРО','2020-09-22',6,'усна');
insert into marks values ('алгебра','10А','КОВАЛЬ','ЮРІЙ','2020-09-22',5,'домашня');
insert into marks values ('алгебра','10А','ПОЛІЩУК','АНДРІЙ','2020-09-22',7,'усна');
